 the highest common divisor of k and l.
11
Let j(k) = k**2 + 3*k - 2. Let g(x) = -x - 7. Let o be g(-3). Let w be j(o). Let l be w/(-9) - 166/(-18). Calculate the highest common factor of 18 and l.
9
Let k = -68 - -97. Suppose 5*m = -p + 1 - 0, 0 = -3*m + 4*p + 19. Let i = k - m. Calculate the highest common divisor of i and 7.
7
Let k = 19 - -1. Let a = 26 - k. What is the greatest common factor of 6 and a?
6
Let n = 11 - 2. Calculate the greatest common divisor of n and 27.
9
Suppose -2*y + 5*y = 30. Let p be (-6 - -1)/(-1 + 0). Let x = 5 + p. What is the highest common divisor of x and y?
10
Let f be -4*1/((-1)/1). Suppose c - f*k = -3*c + 16, -2*c + 8 = -4*k. Suppose c*g = -g + 400. What is the greatest common factor of 16 and g?
16
Let r be 0 + (3 - 4 - -4). Suppose -r*v + 60 + 12 = 0. Calculate the highest common factor of v and 8.
8
Suppose v + 4*r = 68, -7*v + 465 = -2*v - 5*r. Suppose 5*h - v = -4*m, 0*m - 34 = -2*h - 2*m. What is the highest common factor of 4 and h?
4
Let a = 7 + -11. Let u be 3 + 3*a/(-6). What is the greatest common divisor of u and 2?
1
Let b be (-2)/(-1) - (-1 - 3). Calculate the greatest common divisor of b and 18.
6
Suppose 2*y + 2*a = 18, -4*y + 5*a + 0 = -72. Calculate the highest common factor of y and 117.
13
Let a = 81 - 55. Calculate the highest common factor of 13 and a.
13
Suppose 4*t - 67 = 25. Let l be (4/(-6))/((-18)/(-27))*-2. Suppose -4*v = -2*k + 14, -l*k + 5*v + t = k. Calculate the highest common factor of 88 and k.
11
Let c = -67 + 97. Let x be (c/3)/(2/8). What is the highest common divisor of x and 8?
8
Let l = 4 - 0. Suppose l = c - 1. Suppose 2*w + 37 = -c*d + 101, 4*w = 5*d - 52. What is the greatest common divisor of 4 and d?
4
Suppose -55 = -5*w - k - 4*k, 0 = 2*w - 3*k - 22. Let x be 15 + -3 - (-1 + 2). Let s be x*(-11)/(-2)*2. Calculate the greatest common factor of w and s.
11
Let l(a) = -a + 4. Let r be l(2). Let n = 1 - -1. Suppose -6*i + 12 = -n*i. What is the greatest common divisor of i and r?
1
Let p = 36 + -20. Suppose 0 = g - 3*g - 5*k + 377, -g - 4*k = -196. Calculate the greatest common factor of g and p.
16
Let z be (-5)/(-10)*(0 - 0). Suppose -6 = -2*c - z. What is the greatest common factor of c and 9?
3
Suppose 0 = 2*u + x - 84, -u = 4*u - 2*x - 210. What is the greatest common divisor of u and 28?
14
Suppose 0 = -3*k - g + 162, -2*k + 3*g = g - 116. Calculate the highest common factor of 5 and k.
5
Let b = -14 - -27. Suppose -3*p + b + 17 = 0. Calculate the greatest common factor of p and 10.
10
Suppose o = -5*v + 6*o + 20, -4*v = -o - 7. Suppose 0 = -2*r - 0*w + 2*w + 16, -1 = r - 4*w. What is the greatest common factor of r and v?
1
Let y = -4 - -6. Let v be ((-18)/4)/((14/(-4))/7). Let u be 1/1*(v - y). Calculate the highest common factor of u and 7.
7
Suppose -5*a = -3*a. Suppose w - 5*x - 58 = -x, a = 2*w - 2*x - 134. Calculate the highest common divisor of w and 10.
10
Suppose 4*u = -2*r + 192, -3*r - u = 2*r - 435. What is the highest common divisor of 43 and r?
43
Let d be (-2)/12*-4*-123. Let o = 138 + d. What is the highest common divisor of 14 and o?
14
Let r be ((-42)/(-15))/((-1)/(-5)). Suppose 0 = 2*d - r - 24. What is the highest common divisor of 114 and d?
19
Let m = 71 + -19. Suppose -3*o + 29 = -m. What is the highest common factor of o and 3?
3
Suppose 3 + 9 = 3*d. Calculate the greatest common divisor of 28 and d.
4
Let b be (-2)/(-6) + (-3)/18*-46. What is the highest common factor of 72 and b?
8
Suppose -61 = -2*t + 49. Calculate the greatest common divisor of t and 11.
11
Suppose 4*k + 5*y = 24, 30 = 5*k - y - 2*y. Calculate the greatest common factor of k and 12.
6
Let d(v) = 5*v**2 - 17. Let t be d(4). Calculate the greatest common divisor of 7 and t.
7
Let c be (-9)/6*4/(-3). Suppose 0 = c*i - 4*i + 36. Let v = -173 + 263. Calculate the greatest common divisor of i and v.
18
Let v(k) = k**2 - 4*k - 4. Let r be v(6). Suppose -3*u + 35 = r. What is the greatest common factor of u and 99?
9
Suppose -m + 30 = m. Suppose 0*i = 2*i + 3*y - 264, -3*y - 276 = -2*i. What is the highest common divisor of i and m?
15
Let o be 10/2 + -3 + 6. Suppose -z - 105 = -4*v, 3*v - 39 = 2*v - 4*z. Suppose -v = -j + 29. What is the highest common factor of j and o?
8
Let m = -29 + 101. Calculate the highest common divisor of m and 8.
8
Let d(v) = 2*v**2 + 6*v + 5. Let u be d(-3). Suppose 0 = -4*i + u*i - 40. What is the highest common factor of i and 5?
5
Suppose 0 = -6*h + 2*h + 88. Suppose -u + h = -38. Let f be u*((-2)/4 - -1). Calculate the highest common factor of 75 and f.
15
Let n(w) = 67*w**2 - 1. Let z be n(-1). Let c(j) = 4*j**3 + j**2. Let f be c(-2). Let i be (77/f)/(2/(-8)). What is the greatest common divisor of z and i?
11
Let r be (9/(-6))/(6/(-16)). Let m be (4 - -4)*2*1/2. Calculate the greatest common factor of r and m.
4
Suppose -156 = 2*y + 2*y. Let o be 2/(-4) + y/(-6). Let x be (-696)/(-7) + o/(-14). Calculate the highest common divisor of 9 and x.
9
Let r(w) = w**3 + 10*w**2 + 9*w + 2. Let c be r(-9). Suppose c*o + 165 = 5*o. Calculate the greatest common factor of 5 and o.
5
Let h = -27 + 59. What is the highest common divisor of h and 16?
16
Let k(a) = -22*a**3 - 2*a**2 + 1. Let j be k(-1). Suppose -3*y + 160 = 2*y. Suppose 4*n - y = -4. What is the highest common divisor of n and j?
7
Let m = 27 - 15. Calculate the highest common factor of 48 and m.
12
Let l = -81 + 92. What is the greatest common divisor of 44 and l?
11
Let v = -1 + -1. Let b = 4 + v. Calculate the highest common divisor of 2 and b.
2
Suppose 3*b + 6*a = 2*a + 17, 2*b - 2*a - 30 = 0. What is the highest common divisor of b and 11?
11
Suppose 29 = 3*r - 31. Suppose 2*s - r = 7*s. Let h be ((-70)/(-4))/((-2)/s). What is the highest common factor of 14 and h?
7
Let a(r) = -2*r**2 + 5*r - 2. Let o be a(4). Let m = -2 - o. Let h = 26 - m. Calculate the greatest common divisor of h and 56.
14
Suppose a + 80 = -4*a. Let t be (a/(-10))/((-2)/(-30)). What is the greatest common divisor of t and 168?
24
Let v(f) = 2*f**2 - 16*f - 11. Let x be v(12). Calculate the greatest common factor of 34 and x.
17
Suppose 0*j - 24 = -j. Suppose -3*s + 6 = -f - 6*s, -3*f = 4*s + 3. Calculate the greatest common divisor of f and j.
3
Let y = 7 - 3. Suppose 17 = 4*k - d - 0*d, -1 = -k - 3*d. Calculate the greatest common factor of k and y.
4
Let a = 0 + 7. Let s = -43 - -99. What is the greatest common factor of s and a?
7
Suppose 4*k - 144 = -4*k. Calculate the greatest common factor of 54 and k.
18
Suppose s = -4*y - 3 - 5, y - 5 = -2*s. Let b = y - -23. Calculate the greatest common factor of b and 5.
5
Let z be 12/(-8)*96/(-18). What is the greatest common divisor of z and 1?
1
Let h be 58*(-10)/(-15) - 2/3. What is the greatest common divisor of h and 190?
38
Let j = 15 - 7. Suppose i = 306 - 26. Suppose -j*k + i = -4*k. Calculate the greatest common divisor of k and 10.
10
Let k be 41/(-2)*-2*(-20)/(-4). What is the highest common factor of 82 and k?
41
Let u(i) = 10*i**2 + 3*i + 4. Let o be u(3). Let l be (-2)/3 - 267/(-9). Suppose 4*q = l + o. What is the greatest common divisor of q and 22?
11
Let f be 2/9 + 25/9. Suppose t = 3*m + 40 + 65, -2*t = -f*m - 195. What is the highest common factor of t and 10?
10
Suppose 8 = 5*l + 68. Let k be (l/(-9))/(-2)*3. Let v be -6*(k - 0)*4. What is the highest common divisor of 16 and v?
16
Suppose 83*l - 86*l + 9 = 0. What is the greatest common divisor of 2 and l?
1
Suppose 7*b = 11*b - 148. What is the greatest common factor of b and 407?
37
Let c be (37 - -7) + 2/1. What is the highest common factor of c and 23?
23
Suppose -4 + 1 = -3*o. What is the greatest common divisor of 1 and o?
1
Let f = 158 + -134. Suppose 6 = 5*x - 4*x. Suppose x = -m + 2*m. What is the greatest common factor of f and m?
6
Let s(m) = m**3 + 9*m**2 + 14*m + 5. Let x be s(-6). What is the greatest common divisor of 58 and x?
29
Suppose 0 = -5*p + 9*p - 168. Let l be 4/5*(-15)/(-2). Let o = 22 + l. Calculate the greatest common factor of o and p.
14
Let d(p) = -45*p**3 + p**2 - p - 1. Let c be d(-1). Suppose c = u + 4*a - 42, u - 84 = -3*a. Calculate the highest common factor of 9 and u.
9
Let u be (-19 - -185) + (5 - 1). Suppose 7*o = 2*o + u. Calculate the highest co